- 56. What is l(9)?
16
Let y(j) = -j**3 - 12*j**2 + 84*j + 1. Give y(5).
-4
Let t(j) = -j**2 - 14*j + 80. Give t(9).
-127
Let f(b) = b**3 + 16*b**2 + 62*b - 7. Determine f(-8).
9
Let x(t) = t**3 + 6*t**2 + 4*t - 3. Determine x(-7).
-80
Let s(j) = -38*j - 595. Determine s(-18).
89
Let p(x) = x**3 + 13*x**2 + 335*x + 2678. Calculate p(-9).
-13
Let f(i) = 104*i**2 + 4265*i + 43. Determine f(-41).
2
Let a(d) = -d**2 + 125*d - 2001. What is a(19)?
13
Let n(o) = -o**3 - 25*o**2 - 155*o - 14. Determine n(-14).
0
Let a(u) = -53*u + 3543. Give a(69).
-114
Let q(h) = h**2 - 192*h - 5427. Determine q(-25).
-2
Let v(b) = -52*b - 6887. Give v(-132).
-23
Let t(b) = -746*b - 4445. Determine t(-6).
31
Let v(j) = -j**2 + 2632*j + 58393. Determine v(-22).
5
Let f(c) = -10*c - 45. Calculate f(8).
-125
Let d(s) = -18*s - 9. Calculate d(7).
-135
Let j(m) = 49*m + 2443. Give j(-50).
-7
Let w(h) = 7*h**2 + 3*h + 11. Give w(3).
83
Let j(x) = x**2 - 7*x - 36. Determine j(-10).
134
Let x(y) = -142*y + 4893. Give x(31).
491
Let i(j) = 4*j**2 + 253*j + 141. Determine i(-62).
-169
Let d(r) = r**2 - 143*r + 3229. Give d(115).
9
Let w(v) = -540*v + 7012. Determine w(13).
-8
Let u(o) = 37*o - 522. Give u(14).
-4
Let u(s) = 10*s**3 - 79*s**2 - 8*s - 4. Determine u(8).
-4
Let g(q) = q**3 + 13*q**2 - 101*q + 32. Calculate g(6).
110
Let v(s) = -s**3 - 4*s**2 + 29*s - 1. What is v(7)?
-337
Let w(c) = c**3 - 74*c**2 - 304*c - 644. Determine w(78).
-20
Let c(a) = 129*a - 34567. Calculate c(268).
5
Let a(l) = l**3 - 38*l**2 - 39*l + 34. Determine a(39).
34
Let p(t) = t**2 + t + 25. Give p(-7).
67
Let j(m) = -293*m**2 - m - 2. Determine j(-1).
-294
Let x(l) = -12*l**3 + 3*l**2 - 6*l - 20. What is x(-2)?
100
Let v(m) = m**2 + 188*m - 369. What is v(2)?
11
Let u(c) = -289*c**2 + 9*c + 10. What is u(-1)?
-288
Let d(m) = -420*m - 4183. What is d(-10)?
17
Let j(s) = -s**2 + 50*s - 114. What is j(48)?
-18
Let b(x) = -10*x - 37. What is b(-10)?
63
Let q(n) = -n**2 + 9*n - 67. Give q(24).
-427
Let d(j) = j**3 + 3*j**2 - 32*j - 98. Calculate d(-6).
-14
Let h(j) = -267*j - 50199. What is h(-188)?
-3
Let s(w) = -83*w + 2911. Calculate s(35).
6
Let n(t) = -t**2 + 47*t + 564. What is n(58)?
-74
Let o(m) = -m**3 + 9*m**2 - 28*m - 1. Calculate o(6).
-61
Let k(o) = 9*o**2 - o - 25. Calculate k(4).
115
Let r(x) = x**2 - 178*x - 1699. Calculate r(-9).
-16
Let z(c) = -287*c - 1753. Give z(-7).
256
Let b(u) = -71*u**3 - 4*u**2 + 3*u + 12. What is b(2)?
-566
Let a(n) = -10*n - 46. Give a(11).
-156
Let a(n) = -1974*n - 23692. Calculate a(-12).
-4
Let w(g) = -g**2 - 29*g - 158. Determine w(-13).
50
Let v(t) = -t**3 - 69*t**2 - 257*t + 194. What is v(-65)?
-1
Let q(l) = 52*l + 1870. What is q(-35)?
50
Let r(l) = 3*l**2 - l - 5. Give r(-5).
75
Let p(o) = -o**3 - 3*o**2 + 48*o + 26. Calculate p(-8).
-38
Let j(x) = -173*x + 5398. What is j(31)?
35
Let d(n) = n**3 + 120*n**2 + 2705*n + 154. Calculate d(-30).
4
Let k(a) = 14*a + 552. What is k(-32)?
104
Let i(n) = -4*n**3 - 253*n**2 - 61*n + 115. Determine i(-63).
-11
Let x(c) = c**3 - 61*c**2 - 61*c - 33. Give x(62).
29
Let p(z) = -425*z + 5099. Calculate p(12).
-1
Let i(a) = -164*a + 920. Give i(6).
-64
Let o(h) = -h**3 - 82*h**2 - 78*h + 227. What is o(-81)?
-16
Let b(j) = -979*j - 10859. Determine b(-11).
-90
Let m(u) = u**3 + 4*u**2 + 6*u + 6. Calculate m(-5).
-49
Let o(l) = 2*l**2 + 64*l - 67. Give o(-36).
221
Let c(h) = -5*h**3 - h**2 - 5*h + 5. What is c(1)?
-6
Let s(y) = -158*y - 1578. Determine s(-10).
2
Let f(x) = -3*x**3 + 16*x**2 - 4*x - 48. Give f(4).
0
Let s(m) = 180*m + 2159. Give s(-12).
-1
Let m(c) = -17*c**2 + 64*c + 1605. What is m(-8)?
5
Let x(t) = t**3 - 74*t**2 + 215*t - 135. Give x(71).
7
Let k(m) = -5*m**3 + 7*m**2 - 182*m - 958. What is k(-5)?
752
Let b(y) = -y**3 - 12*y**2 + 50*y + 36. Calculate b(-15).
-39
Let o(s) = -104*s + 621. Calculate o(6).
-3
Let z(o) = -109*o**2 - 882*o - 12. Calculate z(-8).
68
Let w(c) = -10*c + 58. What is w(5)?
8
Let p(f) = -f**3 - 21*f**2 + 29*f + 286. What is p(-22)?
132
Let c(n) = 4*n**3 - 57*n**2 + 15*n - 8. Determine c(14).
6
Let q(v) = -119*v + 354. Give q(3).
-3
Let s(y) = -82*y + 9769. Give s(119).
11
Let f(z) = -z**2 - 77*z - 422. Calculate f(-6).
4
Let z(j) = -j**3 + 30*j**2 + 32*j - 46. Determine z(31).
-15
Let n(s) = -75*s + 6157. Determine n(82).
7
Let h(o) = -210*o - 6088. Give h(-29).
2
Let q(p) = 792*p - 13458. Give q(17).
6
Let l(u) = 85*u - 17845. What is l(210)?
5
Let l(y) = -y**2 - 27*y + 11. Calculate l(-28).
-17
Let q(y) = -y**2 - 69*y - 320. What is q(-68)?
-252
Let g(z) = 153*z**2 - 90*z + 96. Determine g(1).
159
Let h(l) = -4*l**2 + 61*l - 235. Calculate h(9).
-10
Let w(b) = -12*b**2 - 13*b + 141. Calculate w(-5).
-94
Let m(a) = 1401*a + 7042. Calculate m(-5).
37
Let z(h) = -87*h**2 + 36*h + 41. Determine z(-1).
-82
Let d(g) = 371*g + 336. Calculate d(-1).
-35
Let v(a) = -17*a**3 - 8*a**2 + 143*a + 150. What is v(-1)?
16
Let q(x) = -6*x - 122. Calculate q(-15).
-32
Let w(f) = -f**2 - 11*f - 30. Calculate w(-6).
0
Let c(v) = v**2 - 23*v - 97. Determine c(-6).
77
Let w(y) = y**3 + 42*y**2 - 19. What is w(-42)?
-19
Let f(x) = -2*x**2 + 74*x - 114. Give f(36).
-42
Let j(t) = -10*t**2 - 54*t - 22. Calculate j(-6).
-58
Let n(x) = 795*x - 1572. What is n(2)?
18
Let u(v) = v**3 - 5*v**2 + 14*v - 122. Give u(6).
-2
Let c(q) = 10251*q + 20497. Give c(-2).
-5
Let j(m) = 396*m + 1585. Give j(-4).
1
Let n(k) = -42*k - 116. Calculate n(-2).
-32
Let m(c) = -6*c + 83. Calculate m(18).
-25
Let m(b) = -5*b**3 + 60*b**2 - 12*b + 20. Determine m(11).
493
Let l(f) = 2*f**3 - 4*f**2 - 18*f + 40. What is l(3)?
4
Let l(d) = 51*d**2 + 137*d + 13. What is l(-2)?
-57
Let n(z) = 10*z**2 + 56*z + 646. What is n(-11)?
1240
Let n(t) = t**3 - 59*t**2 - 529*t - 508. Give n(67).
-39
Let h(m) = -m**3 + 43*m**2 + 41*m + 109. What is h(44)?
-23
Let z(l) = -2*l**3 + 103*l**2 + 505*l - 55. Calculate z(56).
1
Let o(j) = 3*j**3 + 4*j**2 + 8*j + 19. Determine o(-4).
-141
Let k(j) = 2*j**3 - 3*j**2 + 33*j - 32. Calculate k(1).
0
Let o(j) = -466*j**2 - j + 1. Give o(1).
-466
Let q(p) = 2365*p - 28383. Give q(12).
-3
Let m(y) = -y**2 - 28*y - 158. Determine m(-7).
-11
Let a(q) = 2*q**3 + 24*q**2 + 43*q - 40. Calculate a(-3).
-7
Let c(q) = -26*q + 72. Determine c(-4).
176
Let f(n) = 8*n**2 - 3*n. Give f(-1).
11
Let c(j) = -j**2 - 404*j - 1210. Calculate c(-3).
-7
Let i(v) = v**3 - 26*v**2 - 22*v - 37. Calculate i(27).
98
Let i(c) = -256*c - 7169. Determine i(-28).
-1
Let l(d) = -d**3 + 4*d**2 + 23*d - 93. Give l(5).
-3
Let b(g) = -2*g**3 - 27*g**2 - 35*g - 4. Determine b(-12).
-16
Let d(h) = 365*h + 6900. What is d(-19)?
-35
Let h(s) = -101*s - 260. Determine h(-6).
346
Let r(w) = -6*w**2 + 72*w - 286. Give r(4).
-94
Let i(b) = -b**2 + 23*b - 34. Calculate i(2).
8
Let g(s) = -21*s + 1957. Calculate g(93).
4
Let p(q) = q**3 + 18*q**2 - 8*q + 190. Determine p(-19).
-19
Let s(x) = -43*x + 1233. Determine s(33).
-186
Let o(f) = -8*f - 24. Determine o(-10).
56
Let k(h) = -h**2 - 78*h + 1232. Calculate k(14).
-56
Let c(f) = f**3 + 30*f**2 + 100*f - 88. Calculate c(-26).
16
Let p(d) = 5*d**3 + d**2 + 9*d - 10. Calculate p(1).
5
Let s(u) = -2*u + 84. What is s(33)?
18
Let b(g) = 33*g - 1425. Calculate b(31).
-402
Let t(a) = -a**3 - 28*a**2 - 150*a - 62. What is t(-21)?
1
Let w(n) = -n**3 - 5*n**2 + 8*n + 13. Give w(-8).
141
Let i(p) = p**3 + 18*p**2 + 50*p + 267. What is i(-16)?
-21
Let j(n) = -7*n**2 + 12*n - 7. Calculate j(0).
-7
Let g(f) = -9*f + 299. Determine g(37).
-34
Let w(x) = -x**2 + 82*x + 720. What is w(90)?
0
Let p(f) = -f**2 + 8*f - 25. What is p(0)?
-25
Let y(t) = t**2 - 14*t - 225. Calculate y(20).
-105
Let i(x) = -6*x - 126. What is i(-43)?
132
Let z(w) = -26*w**3 - 5*w**2 - 7*w - 4. What is z(-1)?
24
Let r(u) = 12*u**2 + 25*u + 51. Determine r(-2).
49
Let q(k) = -32*k - 1700. Determine q(-53).
-4
Let u(d) = d**3 + 9*d**2 - 21*d + 7. Calculate u(6).
421
Let y(r) = r**2 + 176*r - 693. What is y(4)?
27
Let t(f) = 38*f**2 - 11*f - 12. Determine t(-1).
37
Let x(o) = 412*o + 415. Determine x(-1).
3
Let r(c) = -2*c**3 - 92*c**2 - 93*c - 58. Give r(-45).
77
Let c(o) = 94*o + 641. What is c(-7)?
-17
Let q(z) = 14*z**2 + 397*z + 2706. Determine q(-17).
3
Let x(q) = 420*q + 2026. Determine x(-5).
-74
Let y(q) = 1011*q + 1.